{"id":2736,"date":"2019-02-05T16:08:24","date_gmt":"2019-02-05T15:08:24","guid":{"rendered":"https:\/\/www.hotelambasciatoricattolica.it\/eventi-a-cattolica\/"},"modified":"2019-03-25T14:53:58","modified_gmt":"2019-03-25T13:53:58","slug":"evenements-a-cattolica","status":"publish","type":"page","link":"https:\/\/www.hotelambasciatoricattolica.it\/fr\/evenements-a-cattolica\/","title":{"rendered":"Cattolica et ses evenements"},"content":{"rendered":"<h3>Special \u00ab\u00a0cattolica in fiore\u00a0\u00bb et \u00ab\u00a0expo dei sapori\u00a0\u00bb<\/h3>\n<p><img loading=\"lazy\" decoding=\"async\" class=\"alignleft wp-image-2066\" src=\"https:\/\/www.hotelambasciatoricattolica.it\/wp-content\/uploads\/2019\/02\/Gallery-Eventi-cattolica-01-Ambasciatori-Cattolica-1-300x300.jpg\" alt=\"\" width=\"400\" height=\"280\" data-big-size=\"1000x700\" \/><\/p>\n<p>Cattolica mettra sur les parfums et les couleurs d\u2019inaugurer la saison estivale, et \u00e9tait cens\u00e9 \u00eatre ses invit\u00e9s, transformant les rues du centre-ville dans un grand jardin fleuri, plein de couleurs intenses et vives de la nature et de la musique . Dans le m\u00eame temps du \u2026.<br \/>\nLungomare Rasi Spinelli accueillera l\u2019Expo dei Sapori de terre et de mer, des expositions et la d\u00e9gustation de la gastronomie r\u00e9gionale, nationale et transfrontali\u00e8re.<\/p>\n<hr \/>\n<h3>Montrer special de \u00ab\u00a0fontaines dansantes\u00a0\u00bb<\/h3>\n<p><img loading=\"lazy\" decoding=\"async\" class=\"alignleft wp-image-2086\" src=\"https:\/\/www.hotelambasciatoricattolica.it\/wp-content\/uploads\/2019\/02\/Gallery-Eventi-cattolica-06-Ambasciatori-Cattolica-300x300.jpg\" alt=\"\" width=\"400\" height=\"280\" data-big-size=\"1000x700\" srcset=\"https:\/\/www.hotelambasciatoricattolica.it\/wp-content\/uploads\/2019\/02\/Gallery-Eventi-cattolica-06-Ambasciatori-Cattolica-768x538.jpg 768w, https:\/\/www.hotelambasciatoricattolica.it\/wp-content\/uploads\/2019\/02\/Gallery-Eventi-cattolica-06-Ambasciatori-Cattolica-57x40.jpg 57w, https:\/\/www.hotelambasciatoricattolica.it\/wp-content\/uploads\/2019\/02\/Gallery-Eventi-cattolica-06-Ambasciatori-Cattolica-72x50.jpg 72w, https:\/\/www.hotelambasciatoricattolica.it\/wp-content\/uploads\/2019\/02\/Gallery-Eventi-cattolica-06-Ambasciatori-Cattolica-114x80.jpg 114w, https:\/\/www.hotelambasciatoricattolica.it\/wp-content\/uploads\/2019\/02\/Gallery-Eventi-cattolica-06-Ambasciatori-Cattolica-144x101.jpg 144w, https:\/\/www.hotelambasciatoricattolica.it\/wp-content\/uploads\/2019\/02\/Gallery-Eventi-cattolica-06-Ambasciatori-Cattolica.jpg 1000w\" sizes=\"auto, (max-width: 400px) 100vw, 400px\" \/>Chaque soir, la place principale de Cattolica, Piazza 1\u00b0 Maggio, prend vie: vous pouvez regarder la croissance et la d\u00e9croissance des jets d\u2019eau de la musique, de valses au rock, avec des lumi\u00e8res de couleurs spectaculaires. Double rendez-vous \u00e0 21:45 et \u00e0 23:00.<\/p>\n<hr \/>\n<h3>Marches<\/h3>\n<p><img loading=\"lazy\" decoding=\"async\" class=\"alignleft wp-image-2090\" src=\"https:\/\/www.hotelambasciatoricattolica.it\/wp-content\/uploads\/2019\/02\/Gallery-Eventi-cattolica-07-Ambasciatori-Cattolica-300x300.jpg\" alt=\"\" width=\"400\" height=\"280\" data-big-size=\"1000x700\" srcset=\"https:\/\/www.hotelambasciatoricattolica.it\/wp-content\/uploads\/2019\/02\/Gallery-Eventi-cattolica-07-Ambasciatori-Cattolica-768x538.jpg 768w, https:\/\/www.hotelambasciatoricattolica.it\/wp-content\/uploads\/2019\/02\/Gallery-Eventi-cattolica-07-Ambasciatori-Cattolica-57x40.jpg 57w, https:\/\/www.hotelambasciatoricattolica.it\/wp-content\/uploads\/2019\/02\/Gallery-Eventi-cattolica-07-Ambasciatori-Cattolica-72x50.jpg 72w, https:\/\/www.hotelambasciatoricattolica.it\/wp-content\/uploads\/2019\/02\/Gallery-Eventi-cattolica-07-Ambasciatori-Cattolica-114x80.jpg 114w, https:\/\/www.hotelambasciatoricattolica.it\/wp-content\/uploads\/2019\/02\/Gallery-Eventi-cattolica-07-Ambasciatori-Cattolica-144x101.jpg 144w, https:\/\/www.hotelambasciatoricattolica.it\/wp-content\/uploads\/2019\/02\/Gallery-Eventi-cattolica-07-Ambasciatori-Cattolica.jpg 1000w\" sizes=\"auto, (max-width: 400px) 100vw, 400px\" \/>Comme chaque \u00e9t\u00e9 Cattolica offres des march\u00e9s d\u2019\u00e9t\u00e9 en soir\u00e9e, de Mai \u00e0 Septembre dans les principales rues de la ville. Une s\u00e9rie d\u2019\u00e9v\u00e9nements sp\u00e9ciaux avec la tradition de la r\u00e9gion de Romagne avec des affichages de produits alimentaires, de l\u2019artisanat et de curiosit\u00e9s; pour tout l\u2019\u00e9t\u00e9 ces \u00e9v\u00e9nements auront lieu dans les principales rues de Cattolica, \u00e0 la d\u00e9couverte des sp\u00e9cialit\u00e9s locales, des produits d\u2019\u00e9picerie fine, des cadeaux, des produits biologiques et plus:<\/p>\n<ul>\n<li>Piazza Matteotti \u2013 Gli Artisti di Viale Matteotti: Antiques Market, l\u2019artisanat et la curiosit\u00e9<\/li>\n<li>Via Pascoli \u2013 Mercatino delle Pulci: March\u00e9 Old Things and Collectible<\/li>\n<li>Piazza 1\u00b0 Maggio \u2013 I Mercoled\u00ec dell\u2019Arte: Peintres en extemporan\u00e9e<\/li>\n<\/ul>\n<hr \/>\n<h3>Gradara: le jeudi de la chateau<\/h3>\n<p><img loading=\"lazy\" decoding=\"async\" class=\"alignleft wp-image-2148\" src=\"https:\/\/www.hotelambasciatoricattolica.it\/wp-content\/uploads\/2019\/02\/Gallery-Eventi-cattolica-08-Ambasciatori-Cattolica-300x300.jpg\" alt=\"\" width=\"400\" height=\"280\" data-big-size=\"1000x700\" srcset=\"https:\/\/www.hotelambasciatoricattolica.it\/wp-content\/uploads\/2019\/02\/Gallery-Eventi-cattolica-08-Ambasciatori-Cattolica-768x538.jpg 768w, https:\/\/www.hotelambasciatoricattolica.it\/wp-content\/uploads\/2019\/02\/Gallery-Eventi-cattolica-08-Ambasciatori-Cattolica-57x40.jpg 57w, https:\/\/www.hotelambasciatoricattolica.it\/wp-content\/uploads\/2019\/02\/Gallery-Eventi-cattolica-08-Ambasciatori-Cattolica-72x50.jpg 72w, https:\/\/www.hotelambasciatoricattolica.it\/wp-content\/uploads\/2019\/02\/Gallery-Eventi-cattolica-08-Ambasciatori-Cattolica-114x80.jpg 114w, https:\/\/www.hotelambasciatoricattolica.it\/wp-content\/uploads\/2019\/02\/Gallery-Eventi-cattolica-08-Ambasciatori-Cattolica-144x101.jpg 144w, https:\/\/www.hotelambasciatoricattolica.it\/wp-content\/uploads\/2019\/02\/Gallery-Eventi-cattolica-08-Ambasciatori-Cattolica.jpg 1000w\" sizes=\"auto, (max-width: 400px) 100vw, 400px\" \/><\/p>\n<p>Un souffle du pass\u00e9 qui vous transportera au XVe si\u00e8cle, quand en Gradara les portes du village ont \u00e9t\u00e9 enferm\u00e9s et les paysans de retour de travailler pour trouver refuge dans les murs de la ville.Tous les jeudis de mi-Juin \u00e0 Septembre partager les soir\u00e9es m\u00e9di\u00e9vales avec des groupes historiques de Gradara:<\/p>\n<ul>\n<li>les groupes de danses anciennes \u201cLa fabula saltica\u201d<\/li>\n<li>le \u201cCorpo di guardia\u201d de Gradara<\/li>\n<li>la \u201cCorte malatestiana\u201c<\/li>\n<li>les Cracheurs de Feu<\/li>\n<\/ul>\n<hr \/>\n<h3>Festa delle streghe<\/h3>\n<p><img loading=\"lazy\" decoding=\"async\" class=\"alignleft wp-image-2165\" src=\"https:\/\/www.hotelambasciatoricattolica.it\/wp-content\/uploads\/2019\/02\/Gallery-Eventi-cattolica-12-Ambasciatori-Cattolica-300x300.jpg\" alt=\"\" width=\"400\" height=\"280\" data-big-size=\"1000x700\" srcset=\"https:\/\/www.hotelambasciatoricattolica.it\/wp-content\/uploads\/2019\/02\/Gallery-Eventi-cattolica-12-Ambasciatori-Cattolica-768x538.jpg 768w, https:\/\/www.hotelambasciatoricattolica.it\/wp-content\/uploads\/2019\/02\/Gallery-Eventi-cattolica-12-Ambasciatori-Cattolica-57x40.jpg 57w, https:\/\/www.hotelambasciatoricattolica.it\/wp-content\/uploads\/2019\/02\/Gallery-Eventi-cattolica-12-Ambasciatori-Cattolica-72x50.jpg 72w, https:\/\/www.hotelambasciatoricattolica.it\/wp-content\/uploads\/2019\/02\/Gallery-Eventi-cattolica-12-Ambasciatori-Cattolica-114x80.jpg 114w, https:\/\/www.hotelambasciatoricattolica.it\/wp-content\/uploads\/2019\/02\/Gallery-Eventi-cattolica-12-Ambasciatori-Cattolica-144x101.jpg 144w, https:\/\/www.hotelambasciatoricattolica.it\/wp-content\/uploads\/2019\/02\/Gallery-Eventi-cattolica-12-Ambasciatori-Cattolica.jpg 1000w\" sizes=\"auto, (max-width: 400px) 100vw, 400px\" \/><\/p>\n<p>La Nuit des Sorci\u00e8res, \u00e0 la mi-Juin, \u00e0 San Giovanni in Marignano est une soir\u00e9e sp\u00e9ciale: sorci\u00e8res, des images et des personnes en costume, alternent tout au long de la soir\u00e9e dans les rues du village, des stands, des spectacles d\u2019artistes de la rue, une foule de personnes \u00e0 une nuit d\u00e9but d\u2019\u00e9t\u00e9 magique \u00e0 quelques kilom\u00e8tres de la c\u00f4te adriatique. Nous sommes renouvel\u00e9s chaque ann\u00e9e cet \u00e9v\u00e9nement tr\u00e8s attrayant: les collines du village m\u00e9di\u00e9val de Rimini renouvelle le traditionnel rendez-vous avec les sorci\u00e8res et leur monde de la magie et les sorts. Le br\u00fblage des sorci\u00e8res, alchimie, proph\u00e9ties et astrologie, mais aussi l\u2019exposition des groupes historiques, artistes de rue, des acrobates et cracheurs de feu, jongleurs et colporteurs envahissent les rues de la belle village romagnolo.Spettacoli th\u00e9\u00e2tre, des musiciens et des spectacles artistiques, march\u00e9s magiques, des sp\u00e9cialit\u00e9s \u00e0 d\u00e9guster , expositions th\u00e9matiques, sentiers inconscients, atmosph\u00e8re hant\u00e9e impliqueront les clients de 21.00 dans la nuit.<\/p>\n<hr \/>\n<h3>12\u00b0 WDW e\u2026. Notte Rosa<\/h3>\n<p><img loading=\"lazy\" decoding=\"async\" class=\"alignleft wp-image-2161\" src=\"https:\/\/www.hotelambasciatoricattolica.it\/wp-content\/uploads\/2019\/02\/Gallery-Eventi-cattolica-11-Ambasciatori-Cattolica-300x300.jpg\" alt=\"\" width=\"400\" height=\"280\" data-big-size=\"1000x700\" srcset=\"https:\/\/www.hotelambasciatoricattolica.it\/wp-content\/uploads\/2019\/02\/Gallery-Eventi-cattolica-11-Ambasciatori-Cattolica-768x538.jpg 768w, https:\/\/www.hotelambasciatoricattolica.it\/wp-content\/uploads\/2019\/02\/Gallery-Eventi-cattolica-11-Ambasciatori-Cattolica-57x40.jpg 57w, https:\/\/www.hotelambasciatoricattolica.it\/wp-content\/uploads\/2019\/02\/Gallery-Eventi-cattolica-11-Ambasciatori-Cattolica-72x50.jpg 72w, https:\/\/www.hotelambasciatoricattolica.it\/wp-content\/uploads\/2019\/02\/Gallery-Eventi-cattolica-11-Ambasciatori-Cattolica-114x80.jpg 114w, https:\/\/www.hotelambasciatoricattolica.it\/wp-content\/uploads\/2019\/02\/Gallery-Eventi-cattolica-11-Ambasciatori-Cattolica-144x101.jpg 144w, https:\/\/www.hotelambasciatoricattolica.it\/wp-content\/uploads\/2019\/02\/Gallery-Eventi-cattolica-11-Ambasciatori-Cattolica.jpg 1000w\" sizes=\"auto, (max-width: 400px) 100vw, 400px\" \/><br \/>\nA l\u2019occasion du World Ducati Week, le circuit de Misano et la Riviera sont de couleur rouge: Ducati f\u00eatera ses 90 premi\u00e8res ann\u00e9es.<\/p>\n<p>En m\u00eame temps, au cours de \u00ab l\u2019\u00e9t\u00e9 de l\u2019an \u00bb la, tout est teint\u00e9 de rose: du local au plages et m\u00eame les tortillas! 3 jours de plaisir absolu de la mer, le soleil, la musique et des feux d\u2019artifice qui seront la toile de fond du 110 km Riviera<\/p>\n","protected":false},"excerpt":{"rendered":"<p>Special \u00ab\u00a0cattolica in fiore\u00a0\u00bb et \u00ab\u00a0expo dei sapori\u00a0\u00bb Cattolica mettra sur les parfums et les couleurs d\u2019inaugurer la saison estivale, et \u00e9tait cens\u00e9 \u00eatre ses invit\u00e9s, transformant les rues du centre-ville dans un grand jardin fleuri, plein de couleurs intenses et vives de la nature et de la musique . Dans le m\u00eame temps du \u2026. Lungomare Rasi Spinelli accueillera l\u2019Expo dei Sapori de terre et de mer, des expositions &#8230;<\/p>\n","protected":false},"author":1,"featured_media":4374,"parent":0,"menu_order":0,"comment_status":"closed","ping_status":"closed","template":"","meta":{"_acf_changed":false},"class_list":["post-2736","page","type-page","status-publish","has-post-thumbnail","hentry"],"acf":[],"_links":{"self":[{"href":"https:\/\/www.hotelambasciatoricattolica.it\/fr\/wp-json\/wp\/v2\/pages\/2736","targetHints":{"allow":["GET"]}}],"collection":[{"href":"https:\/\/www.hotelambasciatoricattolica.it\/fr\/wp-json\/wp\/v2\/pages"}],"about":[{"href":"https:\/\/www.hotelambasciatoricattolica.it\/fr\/wp-json\/wp\/v2\/types\/page"}],"author":[{"embeddable":true,"href":"https:\/\/www.hotelambasciatoricattolica.it\/fr\/wp-json\/wp\/v2\/users\/1"}],"replies":[{"embeddable":true,"href":"https:\/\/www.hotelambasciatoricattolica.it\/fr\/wp-json\/wp\/v2\/comments?post=2736"}],"version-history":[{"count":0,"href":"https:\/\/www.hotelambasciatoricattolica.it\/fr\/wp-json\/wp\/v2\/pages\/2736\/revisions"}],"wp:featuredmedia":[{"embeddable":true,"href":"https:\/\/www.hotelambasciatoricattolica.it\/fr\/wp-json\/wp\/v2\/media\/4374"}],"wp:attachment":[{"href":"https:\/\/www.hotelambasciatoricattolica.it\/fr\/wp-json\/wp\/v2\/media?parent=2736"}],"curies":[{"name":"wp","href":"https:\/\/api.w.org\/{rel}","templated":true}]}}

<h3>Special « cattolica in fiore » et « expo dei sapori »</h3>
<p><img loading="lazy" decoding="async" class="alignleft wp-image-2066" src="https://www.hotelambasciatoricattolica.it/wp-content/uploads/2019/02/Gallery-Eventi-cattolica-01-Ambasciatori-Cattolica-1-300x300.jpg" alt="" width="400" height="280" data-big-size="1000x700" /></p>
<p>Cattolica mettra sur les parfums et les couleurs d’inaugurer la saison estivale, et était censé être ses invités, transformant les rues du centre-ville dans un grand jardin fleuri, plein de couleurs intenses et vives de la nature et de la musique . Dans le même temps du ….<br />
Lungomare Rasi Spinelli accueillera l’Expo dei Sapori de terre et de mer, des expositions et la dégustation de la gastronomie régionale, nationale et transfrontalière.</p>
<hr />
<h3>Montrer special de « fontaines dansantes »</h3>
<p><img loading="lazy" decoding="async" class="alignleft wp-image-2086" src="https://www.hotelambasciatoricattolica.it/wp-content/uploads/2019/02/Gallery-Eventi-cattolica-06-Ambasciatori-Cattolica-300x300.jpg" alt="" width="400" height="280" data-big-size="1000x700" srcset="https://www.hotelambasciatoricattolica.it/wp-content/uploads/2019/02/Gallery-Eventi-cattolica-06-Ambasciatori-Cattolica-768x538.jpg 768w, https://www.hotelambasciatoricattolica.it/wp-content/uploads/2019/02/Gallery-Eventi-cattolica-06-Ambasciatori-Cattolica-57x40.jpg 57w, https://www.hotelambasciatoricattolica.it/wp-content/uploads/2019/02/Gallery-Eventi-cattolica-06-Ambasciatori-Cattolica-72x50.jpg 72w, https://www.hotelambasciatoricattolica.it/wp-content/uploads/2019/02/Gallery-Eventi-cattolica-06-Ambasciatori-Cattolica-114x80.jpg 114w, https://www.hotelambasciatoricattolica.it/wp-content/uploads/2019/02/Gallery-Eventi-cattolica-06-Ambasciatori-Cattolica-144x101.jpg 144w, https://www.hotelambasciatoricattolica.it/wp-content/uploads/2019/02/Gallery-Eventi-cattolica-06-Ambasciatori-Cattolica.jpg 1000w" sizes="auto, (max-width: 400px) 100vw, 400px" />Chaque soir, la place principale de Cattolica, Piazza 1° Maggio, prend vie: vous pouvez regarder la croissance et la décroissance des jets d’eau de la musique, de valses au rock, avec des lumières de couleurs spectaculaires. Double rendez-vous à 21:45 et à 23:00.</p>
<hr />
<h3>Marches</h3>
<p><img loading="lazy" decoding="async" class="alignleft wp-image-2090" src="https://www.hotelambasciatoricattolica.it/wp-content/uploads/2019/02/Gallery-Eventi-cattolica-07-Ambasciatori-Cattolica-300x300.jpg" alt="" width="400" height="280" data-big-size="1000x700" srcset="https://www.hotelambasciatoricattolica.it/wp-content/uploads/2019/02/Gallery-Eventi-cattolica-07-Ambasciatori-Cattolica-768x538.jpg 768w, https://www.hotelambasciatoricattolica.it/wp-content/uploads/2019/02/Gallery-Eventi-cattolica-07-Ambasciatori-Cattolica-57x40.jpg 57w, https://www.hotelambasciatoricattolica.it/wp-content/uploads/2019/02/Gallery-Eventi-cattolica-07-Ambasciatori-Cattolica-72x50.jpg 72w, https://www.hotelambasciatoricattolica.it/wp-content/uploads/2019/02/Gallery-Eventi-cattolica-07-Ambasciatori-Cattolica-114x80.jpg 114w, https://www.hotelambasciatoricattolica.it/wp-content/uploads/2019/02/Gallery-Eventi-cattolica-07-Ambasciatori-Cattolica-144x101.jpg 144w, https://www.hotelambasciatoricattolica.it/wp-content/uploads/2019/02/Gallery-Eventi-cattolica-07-Ambasciatori-Cattolica.jpg 1000w" sizes="auto, (max-width: 400px) 100vw, 400px" />Comme chaque été Cattolica offres des marchés d’été en soirée, de Mai à Septembre dans les principales rues de la ville. Une série d’événements spéciaux avec la tradition de la région de Romagne avec des affichages de produits alimentaires, de l’artisanat et de curiosités; pour tout l’été ces événements auront lieu dans les principales rues de Cattolica, à la découverte des spécialités locales, des produits d’épicerie fine, des cadeaux, des produits biologiques et plus:</p>
<ul>
<li>Piazza Matteotti – Gli Artisti di Viale Matteotti: Antiques Market, l’artisanat et la curiosité</li>
<li>Via Pascoli – Mercatino delle Pulci: Marché Old Things and Collectible</li>
<li>Piazza 1° Maggio – I Mercoledì dell’Arte: Peintres en extemporanée</li>
</ul>
<hr />
<h3>Gradara: le jeudi de la chateau</h3>
<p><img loading="lazy" decoding="async" class="alignleft wp-image-2148" src="https://www.hotelambasciatoricattolica.it/wp-content/uploads/2019/02/Gallery-Eventi-cattolica-08-Ambasciatori-Cattolica-300x300.jpg" alt="" width="400" height="280" data-big-size="1000x700" srcset="https://www.hotelambasciatoricattolica.it/wp-content/uploads/2019/02/Gallery-Eventi-cattolica-08-Ambasciatori-Cattolica-768x538.jpg 768w, https://www.hotelambasciatoricattolica.it/wp-content/uploads/2019/02/Gallery-Eventi-cattolica-08-Ambasciatori-Cattolica-57x40.jpg 57w, https://www.hotelambasciatoricattolica.it/wp-content/uploads/2019/02/Gallery-Eventi-cattolica-08-Ambasciatori-Cattolica-72x50.jpg 72w, https://www.hotelambasciatoricattolica.it/wp-content/uploads/2019/02/Gallery-Eventi-cattolica-08-Ambasciatori-Cattolica-114x80.jpg 114w, https://www.hotelambasciatoricattolica.it/wp-content/uploads/2019/02/Gallery-Eventi-cattolica-08-Ambasciatori-Cattolica-144x101.jpg 144w, https://www.hotelambasciatoricattolica.it/wp-content/uploads/2019/02/Gallery-Eventi-cattolica-08-Ambasciatori-Cattolica.jpg 1000w" sizes="auto, (max-width: 400px) 100vw, 400px" /></p>
<p>Un souffle du passé qui vous transportera au XVe siècle, quand en Gradara les portes du village ont été enfermés et les paysans de retour de travailler pour trouver refuge dans les murs de la ville.Tous les jeudis de mi-Juin à Septembre partager les soirées médiévales avec des groupes historiques de Gradara:</p>
<ul>
<li>les groupes de danses anciennes “La fabula saltica”</li>
<li>le “Corpo di guardia” de Gradara</li>
<li>la “Corte malatestiana“</li>
<li>les Cracheurs de Feu</li>
</ul>
<hr />
<h3>Festa delle streghe</h3>
<p><img loading="lazy" decoding="async" class="alignleft wp-image-2165" src="https://www.hotelambasciatoricattolica.it/wp-content/uploads/2019/02/Gallery-Eventi-cattolica-12-Ambasciatori-Cattolica-300x300.jpg" alt="" width="400" height="280" data-big-size="1000x700" srcset="https://www.hotelambasciatoricattolica.it/wp-content/uploads/2019/02/Gallery-Eventi-cattolica-12-Ambasciatori-Cattolica-768x538.jpg 768w, https://www.hotelambasciatoricattolica.it/wp-content/uploads/2019/02/Gallery-Eventi-cattolica-12-Ambasciatori-Cattolica-57x40.jpg 57w, https://www.hotelambasciatoricattolica.it/wp-content/uploads/2019/02/Gallery-Eventi-cattolica-12-Ambasciatori-Cattolica-72x50.jpg 72w, https://www.hotelambasciatoricattolica.it/wp-content/uploads/2019/02/Gallery-Eventi-cattolica-12-Ambasciatori-Cattolica-114x80.jpg 114w, https://www.hotelambasciatoricattolica.it/wp-content/uploads/2019/02/Gallery-Eventi-cattolica-12-Ambasciatori-Cattolica-144x101.jpg 144w, https://www.hotelambasciatoricattolica.it/wp-content/uploads/2019/02/Gallery-Eventi-cattolica-12-Ambasciatori-Cattolica.jpg 1000w" sizes="auto, (max-width: 400px) 100vw, 400px" /></p>
<p>La Nuit des Sorcières, à la mi-Juin, à San Giovanni in Marignano est une soirée spéciale: sorcières, des images et des personnes en costume, alternent tout au long de la soirée dans les rues du village, des stands, des spectacles d’artistes de la rue, une foule de personnes à une nuit début d’été magique à quelques kilomètres de la côte adriatique. Nous sommes renouvelés chaque année cet événement très attrayant: les collines du village médiéval de Rimini renouvelle le traditionnel rendez-vous avec les sorcières et leur monde de la magie et les sorts. Le brûlage des sorcières, alchimie, prophéties et astrologie, mais aussi l’exposition des groupes historiques, artistes de rue, des acrobates et cracheurs de feu, jongleurs et colporteurs envahissent les rues de la belle village romagnolo.Spettacoli théâtre, des musiciens et des spectacles artistiques, marchés magiques, des spécialités à déguster , expositions thématiques, sentiers inconscients, atmosphère hantée impliqueront les clients de 21.00 dans la nuit.</p>
<hr />
<h3>12° WDW e…. Notte Rosa</h3>
<p><img loading="lazy" decoding="async" class="alignleft wp-image-2161" src="https://www.hotelambasciatoricattolica.it/wp-content/uploads/2019/02/Gallery-Eventi-cattolica-11-Ambasciatori-Cattolica-300x300.jpg" alt="" width="400" height="280" data-big-size="1000x700" srcset="https://www.hotelambasciatoricattolica.it/wp-content/uploads/2019/02/Gallery-Eventi-cattolica-11-Ambasciatori-Cattolica-768x538.jpg 768w, https://www.hotelambasciatoricattolica.it/wp-content/uploads/2019/02/Gallery-Eventi-cattolica-11-Ambasciatori-Cattolica-57x40.jpg 57w, https://www.hotelambasciatoricattolica.it/wp-content/uploads/2019/02/Gallery-Eventi-cattolica-11-Ambasciatori-Cattolica-72x50.jpg 72w, https://www.hotelambasciatoricattolica.it/wp-content/uploads/2019/02/Gallery-Eventi-cattolica-11-Ambasciatori-Cattolica-114x80.jpg 114w, https://www.hotelambasciatoricattolica.it/wp-content/uploads/2019/02/Gallery-Eventi-cattolica-11-Ambasciatori-Cattolica-144x101.jpg 144w, https://www.hotelambasciatoricattolica.it/wp-content/uploads/2019/02/Gallery-Eventi-cattolica-11-Ambasciatori-Cattolica.jpg 1000w" sizes="auto, (max-width: 400px) 100vw, 400px" /><br />
A l’occasion du World Ducati Week, le circuit de Misano et la Riviera sont de couleur rouge: Ducati fêtera ses 90 premières années.</p>
<p>En même temps, au cours de « l’été de l’an » la, tout est teinté de rose: du local au plages et même les tortillas! 3 jours de plaisir absolu de la mer, le soleil, la musique et des feux d’artifice qui seront la toile de fond du 110 km Riviera</p>

<p>Special « cattolica in fiore » et « expo dei sapori » Cattolica mettra sur les parfums et les couleurs d’inaugurer la saison estivale, et était censé être ses invités, transformant les rues du centre-ville dans un grand jardin fleuri, plein de couleurs intenses et vives de la nature et de la musique . Dans le même temps du …. Lungomare Rasi Spinelli accueillera l’Expo dei Sapori de terre et de mer, des expositions &#8230;</p>
